{"id":36943,"date":"2015-04-23T12:57:21","date_gmt":"2015-04-23T10:57:21","guid":{"rendered":"https:\/\/turismovacacionaltorremolinos.com\/terminos-y-condiciones\/"},"modified":"2015-04-23T12:57:21","modified_gmt":"2015-04-23T10:57:21","slug":"terminos-y-condiciones","status":"publish","type":"page","link":"https:\/\/turismovacacionaltorremolinos.com\/?page_id=36943","title":{"rendered":"T\u00e9rminos y condiciones"},"content":{"rendered":"<p>Esta Pol\u00edtica de Privacidad regula la forma en que el Tema WordPress para Inmobiliarias recopila, utiliza, mantiene y divulga la informaci\u00f3n recogida de los usuarios (cada uno, un \u00abUsuario\u00bb) del sitio web http:\/\/wprentals.org\/ (\u00abSitio\u00bb). Esta pol\u00edtica de privacidad se aplica al Sitio y a todos los productos y servicios ofrecidos por Real Estate WordPress Theme.<\/p>\n<p><b>Informaci\u00f3n de identificaci\u00f3n personal<\/b><\/p>\n<p>Podemos recopilar informaci\u00f3n de identificaci\u00f3n personal de los Usuarios de diversas formas en relaci\u00f3n con las actividades, servicios, funciones o recursos que ponemos a tu disposici\u00f3n en nuestro Sitio. Los Usuarios pueden visitar nuestro Sitio de forma an\u00f3nima. Los Usuarios pueden visitar nuestro Sitio de forma an\u00f3nima. Recogeremos informaci\u00f3n de identificaci\u00f3n personal de los Usuarios s\u00f3lo si nos la facilitan voluntariamente. Los Usuarios siempre pueden negarse a facilitar informaci\u00f3n de identificaci\u00f3n personal, salvo que ello les impida participar en determinadas actividades relacionadas con el Sitio.<\/p>\n<p><b>Informaci\u00f3n de identificaci\u00f3n no personal<\/b><\/p>\n<p>Podemos recoger informaci\u00f3n de identificaci\u00f3n no personal sobre los Usuarios siempre que interact\u00faen con nuestro Sitio. La informaci\u00f3n de identificaci\u00f3n no personal puede incluir el nombre del navegador, el tipo de ordenador e informaci\u00f3n t\u00e9cnica sobre los medios de conexi\u00f3n de los Usuarios a nuestro Sitio, como el sistema operativo y los proveedores de servicios de Internet utilizados y otra informaci\u00f3n similar.<\/p>\n<p><b>Cookies del navegador web<\/b><\/p>\n<p>Nuestro Sitio puede utilizar \u00abcookies\u00bb para mejorar la experiencia del Usuario. El navegador web del usuario coloca cookies en su disco duro con fines de registro y, a veces, para rastrear informaci\u00f3n sobre \u00e9l. El usuario puede elegir configurar su navegador para que rechace las cookies o para que le avise cuando se env\u00eden cookies. Si lo hacen, ten en cuenta que algunas partes del Sitio pueden no funcionar correctamente.<\/p>\n<p><b>C\u00f3mo protegemos tu informaci\u00f3n<\/b><\/p>\n<p>Adoptamos pr\u00e1cticas adecuadas de recopilaci\u00f3n, almacenamiento y procesamiento de datos y medidas de seguridad para proteger contra el acceso no autorizado, la alteraci\u00f3n, divulgaci\u00f3n o destrucci\u00f3n de tu informaci\u00f3n personal, nombre de usuario, contrase\u00f1a, informaci\u00f3n de transacciones y datos almacenados en nuestro Sitio.<\/p>\n<p><b>Compartir tu informaci\u00f3n personal<\/b><\/p>\n<p>No vendemos, intercambiamos ni alquilamos la informaci\u00f3n de identificaci\u00f3n personal de los Usuarios a terceros. Podemos compartir informaci\u00f3n demogr\u00e1fica agregada gen\u00e9rica no vinculada a ninguna informaci\u00f3n de identificaci\u00f3n personal relativa a visitantes y usuarios con nuestros socios comerciales, afiliados de confianza y anunciantes para los fines arriba indicados.<\/p>\n<p><b>Cambios en esta pol\u00edtica de privacidad<\/b><\/p>\n<p>Real Estate WordPress Theme tiene la facultad de actualizar esta pol\u00edtica de privacidad en cualquier momento. Cuando lo hagamos, revisaremos la fecha actualizada al final de esta p\u00e1gina. Animamos a los Usuarios a que consulten con frecuencia esta p\u00e1gina para comprobar si se ha producido alg\u00fan cambio y as\u00ed mantenerse informados sobre c\u00f3mo ayudamos a proteger la informaci\u00f3n personal que recopilamos. Reconoces y aceptas que es tu responsabilidad revisar esta pol\u00edtica de privacidad peri\u00f3dicamente y enterarte de las modificaciones.<\/p>\n<p><b>Tu aceptaci\u00f3n de estas condiciones<\/b><\/p>\n<p>Al utilizar este Sitio, indicas que aceptas esta pol\u00edtica. Si no est\u00e1s de acuerdo con esta pol\u00edtica, no utilices nuestro Sitio. Tu uso continuado del Sitio tras la publicaci\u00f3n de cambios en esta pol\u00edtica se considerar\u00e1 tu aceptaci\u00f3n de dichos cambios.<\/p>\n","protected":false},"excerpt":{"rendered":"<p>Esta Pol\u00edtica de Privacidad regula la forma en que el Tema WordPress para Inmobiliarias recopila, utiliza, mantiene y divulga la informaci\u00f3n recogida de los usuarios (cada uno, un \u00abUsuario\u00bb) del sitio web http:\/\/wprentals.org\/ (\u00abSitio\u00bb). Esta pol\u00edtica de privacidad se aplica al Sitio y a todos los productos y servicios ofrecidos por Real Estate WordPress Theme. &#8230;<\/p>\n","protected":false},"author":1,"featured_media":0,"parent":0,"menu_order":0,"comment_status":"closed","ping_status":"closed","template":"terms_conditions.php","meta":{"inline_featured_image":false,"footnotes":""},"class_list":["post-36943","page","type-page","status-publish","hentry"],"_links":{"self":[{"href":"https:\/\/turismovacacionaltorremolinos.com\/index.php?rest_route=\/wp\/v2\/pages\/36943","targetHints":{"allow":["GET"]}}],"collection":[{"href":"https:\/\/turismovacacionaltorremolinos.com\/index.php?rest_route=\/wp\/v2\/pages"}],"about":[{"href":"https:\/\/turismovacacionaltorremolinos.com\/index.php?rest_route=\/wp\/v2\/types\/page"}],"author":[{"embeddable":true,"href":"https:\/\/turismovacacionaltorremolinos.com\/index.php?rest_route=\/wp\/v2\/users\/1"}],"replies":[{"embeddable":true,"href":"https:\/\/turismovacacionaltorremolinos.com\/index.php?rest_route=%2Fwp%2Fv2%2Fcomments&post=36943"}],"version-history":[{"count":0,"href":"https:\/\/turismovacacionaltorremolinos.com\/index.php?rest_route=\/wp\/v2\/pages\/36943\/revisions"}],"wp:attachment":[{"href":"https:\/\/turismovacacionaltorremolinos.com\/index.php?rest_route=%2Fwp%2Fv2%2Fmedia&parent=36943"}],"curies":[{"name":"wp","href":"https:\/\/api.w.org\/{rel}","templated":true}]}}